= w*c - 18. Let m(s) = 2*s + 1. Calculate m(u).
-5
Suppose 27 - 3 = 4*s. Let w(x) = -5*x**2 - 2*x + 5. Suppose 0 = -g + 2*g - 11. Let b(v) = 9*v**2 + 4*v - 9. Let h(y) = g*w(y) + s*b(y). Calculate h(-1).
-2
Let c(u) = 3*u**3 - u**2 - 4*u + 3. Let g(f) = f**3 - f + 1. Let v(d) = -c(d) + 2*g(d). Let i be v(1). Let o(k) = -3 - k + 3. Calculate o(i).
-1
Suppose 4 + 6 = 5*d. Let k(w) = w - w + 1 - 2*w**3 + 5*w**d + 0 - 2*w. Give k(3).
-14
Let x(w) = -6*w**2 - 8*w - 2. Let p(y) = 5*y**2 + 8*y + 3. Let l(d) = 4*p(d) + 3*x(d). Suppose 182*t - 186*t - 20 = 0. Calculate l(t).
16
Let f(p) = -p**3 + 4*p**2 + 2*p - 2. Let z(k) be the second derivative of k**5/20 - k**4/2 + k**3 - k**2/2 - k. Let c be z(5). Give f(c).
6
Let y(s) be the third derivative of -5*s**2 + 0*s - 7/6*s**3 + 1/24*s**4 + 0. Calculate y(5).
-2
Let h(c) be the second derivative of -c**4/12 - 4*c**3/3 + 9*c**2/2 + 23*c. Give h(-8).
9
Let y(k) = k**2 - k + 1. Let q(x) = -x - 2. Let w(r) = q(r) - y(r). Let v be w(0). Let l(b) = -19 - b**3 - 4*b**2 - 5*b - 11 + 28. What is l(v)?
4
Let n(k) = 2*k**2 - k + 1. Let g(h) = h**2 - 9*h - 15. Let q be g(11). Suppose -3*c + q*c = 16. Suppose 0*v = 2*v - c. Calculate n(v).
7
Let u(k) = -14*k + 4 + 0*k - 5*k**2 - k**3 + 12*k. What is u(-3)?
-8
Let m(w) = -3*w. Let i be (6/(-4))/(6/(-12)). Suppose -i*v = -3*u + 9, -v - 4 = -0*v - 2*u. Calculate m(v).
6
Let j(x) = x**3 + 10*x**2 - x - 8. Let k be j(-10). Let q(l) = 7*l. Let o(b) = -6*b. Let n(d) = -6*o(d) - 5*q(d). Determine n(k).
2
Let w be (6/1)/((-12)/(-8)). Suppose w*b - 1 = 5*b. Let f(o) = o**3 + o**2 + o + 1. Give f(b).
0
Let b(t) be the second derivative of t**5/20 + t**4/6 + t**2/2 + 5*t. Give b(-4).
-31
Let m(k) be the first derivative of -k**3 + k**2/2 + 4. What is m(-2)?
-14
Let a = -29 + 35. Let m(j) be the second derivative of j**3/6 - 4*j**2 - 3*j. Calculate m(a).
-2
Let m(a) be the third derivative of a**6/120 - 7*a**5/60 + a**4/3 - 7*a**3/6 - 6*a**2. Let v = 25 + -19. Determine m(v).
5
Let o(s) = -s**2 + 4*s + 4. Let x(j) = -j - 1. Let d(n) = -o(n) - 2*x(n). Give d(-3).
13
Let d(t) = t**3 + 7*t**2 - 10*t - 4. Let h be d(-8). Let r be (4/h)/(1/(-6)). Let m(u) = -3*u - 3*u**2 - 1 + 1. Give m(r).
-6
Let s(l) = -l. Let j(v) = -2*v + 1. Suppose -3*w - 3*k = 0, 3*w - 2*k = -4*k + 3. Suppose -8 + w = -5*g. Let n(f) = g*j(f) - 3*s(f). Calculate n(-3).
-2
Let p(b) = b - 10. Let f be p(7). Let c be 3/((18/(-4))/f). Let j(q) = c*q - 2*q + 4*q - 3. Give j(2).
5
Let a(i) = i - 1. Let d(u) = 4*u - 3. Let j(k) = 2*a(k) - d(k). Determine j(-2).
5
Let t be -2*(18 - 12)*(-2)/8. Let g(w) be the first derivative of -w**4/4 + w**3 + 2*w**2 + w + 2. What is g(t)?
13
Let x(w) = 4*w + 12. Let p(r) = -3*r - 8. Let k(n) = 7*p(n) + 5*x(n). Calculate k(4).
0
Let t(i) = -7*i**2 + i. Suppose -4*y + 2*n + 4 = -3*n, -2*y + 4*n = -2. Give t(y).
-6
Let a(h) = 3*h + 2. Suppose -5*p - 3*y - 24 = -8, 0 = -3*p + 4*y + 2. Determine a(p).
-4
Let g(q) = -q**2. Let x(l) = 7*l**2 - l - 1. Let v(a) = -5*g(a) - x(a). Give v(2).
-5
Let g(h) = 36 + 0*h - 27 + h**2 - 20 + 8*h. Give g(-9).
-2
Suppose 4*m = m + 21. Suppose 0 = -4*h + c + 3, 3*c + m = -2. Let y(n) = -n**3 - n**2 - 8. Give y(h).
-8
Let c(p) = -p**3 - 4*p**2 + 1. Suppose -11 - 4 = 5*a. Let u = -7 - a. Calculate c(u).
1
Let x(b) = 4*b**2 - b. Let y be 4/(-6)*(-15)/(-10). Determine x(y).
5
Suppose -8*h = -h - 49. Let x(a) = a - 6. What is x(h)?
1
Let z(u) = u**2 + u + 1. Let k(q) = 9*q + 9. Let n(t) = -k(t) - z(t). Calculate n(-7).
11
Let n be (8/6)/((-2)/(-9)). Let k(v) = -4 + 5*v + 0 - n*v. Calculate k(3).
-7
Let p(w) = -w + 1. Suppose -2*r = -6*j + 4*j + 16, -34 = 5*r - 3*j. Calculate p(r).
6
Let t(u) = -u**3 - 3*u**2 + 2*u + 3. Suppose -5*d - 17 = -4*h - 4*d, -3*h + 10 = 2*d. Suppose -2 = -2*y - h*r, 5*r = -5*y - 4 - 1. Determine t(y).
-3
Let w = 5 - 3. Let d be (-2)/(1/w*2). Let m(v) = -2*v**2 + v + 0*v**2 + 0 - 4*v - 3. What is m(d)?
-5
Let d(h) = h - 7. Suppose 0 = 3*q + 3. Let c = -4 - q. Let w be 2 - (-2)/c*3. Give d(w).
-7
Let t(y) = 6*y**3 + y**2 + y - 1. Let d = -6 + 1. Let s = 6 + d. Suppose -3*n - 6 = -5*q + s, -2*n + 6 = 2*q. Calculate t(n).
7
Let p(m) = -m**3 + 4*m**2 + 3*m + 2. Let v(q) = -q + 1. Let r be v(-2). Let j be (r*2)/(15/(-20)). Let c = j + 13. Give p(c).
-8
Suppose 0 = 2*r + 4*a - 7*a - 3, -3*a = 15. Let y(b) = b. Calculate y(r).
-6
Let g(n) be the second derivative of n**3/2 + n**2 + 4*n. Give g(4).
14
Let h(t) = -6 + 12*t + 9 - 8*t. What is h(-2)?
-5
Let y(v) = v - 1. Let k(d) = d**2 - 5*d - 3. Let p(w) = -k(w) - 5*y(w). Determine p(0).
8
Let a(x) = 4*x**2 + 10*x + 1. Let o(l) = l**2 + l - 1. Let z(h) = -a(h) + 5*o(h). Calculate z(6).
0
Let f(x) = -x**2 - 2 + 2 - 8*x + 2 - 1. Determine f(-8).
1
Let l(n) = n**3 - 17*n**2 + 24*n**2 + 11 - 4 + 4*n. Give l(-6).
19
Let j(a) = 1 + 0*a**2 + a**3 - a - 4*a**2 - a**2 + 2*a**2. Let u = -9 + 12. Determine j(u).
-2
Let n(p) = -p**2 + 6*p + 2. Let m = 0 + 6. Let t be n(m). Let u(h) = h**3 + 0 - 2*h**2 + 3*h**t - 4*h - 2. Determine u(-3).
-8
Let w = -2 + 4. Let a(i) = -i - 7 + i**2 + 7*i - w*i**2. Let j be (-3 - -8)*(1 + 0). Give a(j).
-2
Let r(o) = -3*o**2 - 2*o + o + o**3 - 2 + 2*o**2. Let i be (-4)/(-10) + (-43)/(-5). Suppose 3*f - i = -3. Give r(f).
0
Let z(a) be the second derivative of a**5/20 + a**4 - 2*a**3 + 5*a**2 + 10*a. Calculate z(-13).
-3
Let t(f) = f**2 + 5*f - 2. Suppose 4*h + 17 + 3 = 0. What is t(h)?
-2
Let y(h) = -h**3 - 7*h**2 - h + 4. Let u(r) = -4*r**3 - 29*r**2 - 5*r + 16. Let z(l) = -2*u(l) + 9*y(l). Determine z(-5).
-1
Let g(o) = -o**3 + 5*o**2 + o + 3. Let z be g(5). Let a = z - 7. Let u(s) = -s**2 - 6*s**2 + 0 + 5*s**2 + a + 2*s**3. Give u(-1).
-3
Let t be 8/6 - 4/(-6). Suppose -7*b = -t*b - 15. Let i(z) = z**3 - 2*z**2 - 3*z - 2. Calculate i(b).
-2
Let m(r) = r + 2 + 1 - 2*r - 6. Let x(l) be the first derivative of -l**2 - 2*l - 1. Let w be x(-3). Determine m(w).
-7
Let o(l) be the second derivative of -l**5/20 + l**4/3 - l**3/6 + 2*l**2 + 25*l. Calculate o(3).
10
Let m(b) = -b**3 + b**2 - b. Let n(j) = j**2 + 7*j + 6. Suppose 0 = -2*r + 5*r + 18. Let k be n(r). Suppose 2*p + 6*c - 2*c - 12 = k, 5*p = 5*c. Determine m(p).
-6
Let r(h) = -3*h**3 - h - 1. Let p(l) = -l + 2. Let i be p(4). Let v be (-3 - -1)/(i/2). Suppose v*b + 1 = -1. Calculate r(b).
3
Let s = 11 - 7. Suppose 5*r - s = -19. Let f(o) = -o**3 - 2*o**2 + 2*o + 3. Calculate f(r).
6
Let m(i) = -i**3 + i**2 + i. Let h(p) = -7*p**3 + 10*p**2 + 5*p - 5. Let o(a) = -h(a) + 6*m(a). Give o(4).
9
Let t(l) be the third derivative of l**5/60 - l**4/12 - 12*l**2. Give t(4).
8
Let l(w) = w**3 - 5*w**2 - 7*w + 5. Let d be l(6). Let q(s) = -4*s**2 + 8*s**2 + 9*s**3 - 4*s**2 + 1. Give q(d).
-8
Let x(g) = 4*g**2 - 3*g - 6. Let i(q) = 4*q**2 + q**2 - 4*q + q - 5 - 2*q**2. Let h(u) = 3*i(u) - 2*x(u). Let z = -1 + 5. Determine h(z).
1
Suppose 0*p = p. Let f be -1 + (p - 0) - -1. Let g(l) be the first derivative of l**4/4 + 2*l - 9. Give g(f).
2
Let o(k) = -k**2 - 3*k + 4. Let d be o(-3). Let f be d/22 + 31/11. Let r(p) = 2*p**2 - 2*p - 4. Calculate r(f).
8
Suppose 2*d + 2*d = 0. Let y(o) be the first derivative of o**4/4 - o**3/3 + o**2/2 - 2*o - 15. What is y(d)?
-2
Let d(o) = -o**3 + 7*o**2 - 6*o + 6. Suppose 0 = y + 5*z - 6, 0*y - 3*y = 4*z - 7. Suppose -5*q = 3*s - 27, q + 4*s + y = 3. Determine d(q).
6
Let q(g) = -5*g - 2. Let u(x) = -11*x - 4. Let k = 5 + 1. Let h(j) = k*u(j) - 13*q(j). Let d = 12 + -8. Calculate h(d).
-2
Suppose -4*m = 0, -3*m = 4*r - 7*m + 24. Let q be 4/r*(0 + -6). Let u(y) be the second derivative of -y**4/12 + 2*y**3/3 + 3*y**2/2 - 3*y. What is u(q)?
3
Let c(q) = -q**3 - q**2 + 5*q + 3. Let t be c(-3). Suppose 0 = t*d - 4*d - 2. Let f(k) = -k**2 + d + k - 2 + 7*k**2. Calculate f(1).
6
Let h(k) = 6*k + 3. Let j(f) = 5*f + 4. Let l(w) = 4*h(w) - 5*j(w). Calculate l(-6).
-2
Let b(p) = -7*p - 21*p**2 - 2 + 19*p**2 - p**3 + 3*p. Suppose 0*n + 4*n + 12 = 0. Let q(a) = a**3 + 4*a**2 + 4*a + 1. Let d be q(n). What is b(d)?
6
Let w(f) = -5*f + 5. Let r(k) = 4*k - 4. Let q(b) = 6*r(b) + 5*w(b). What is q(-2)?
3
Let w = 13 + -9. Let z be -1*(-3)/(-9)*0. Let k(b) = z*b**3 + w*b - b**3 + 0*b - 3. Calculate k(2).
-3
Suppose -2 = 2*g - 2. Let f(v) = -v**3 + v**2 + v + 3. Give f(g).
3
Let f(i) = 4*i - 1. Let x(z) = z. Let 